y 1/(-4) - g/4.
9
Let x be 4/((-12)/5 + 2). Let q = 7 - x. Suppose 0 = -2*b + b + 9. Calculate the remainder when q is divided by b.
8
Suppose x = -4*k + 110, -3*k + k = -x - 58. What is the remainder when 109 is divided by k?
25
Suppose 3 = 3*l - 3*a - 0, 8 = -4*l + a. Let n = 30 + -14. What is the remainder when n is divided by 3*2/l - -11?
7
Let b(z) = z**3 + 4*z**2 - 5*z + 6. Let x be b(-5). What is the remainder when 155/10 + x/(-4) is divided by 8?
6
Let r(u) = -3*u + 2. Let c be r(-4). What is the remainder when 242/c + 2/(-7) is divided by 63/12 - 3/(-4)?
5
Let z be 4/(-6) - (-16)/6. Suppose z*q = -2*q + 24. Calculate the remainder when 11 is divided by q.
5
Suppose -2*j = -3*c + 11, -3*j + 3*c - 15 = -6. Suppose 4*z - 75 + 201 = 2*x, 0 = 4*x - j*z - 252. Calculate the remainder when x is divided by 33.
30
Suppose 0 = 4*c - 9*c. Let y(l) = l + 16. Calculate the remainder when y(c) is divided by 9.
7
Let n(l) = l**3 + 6*l**2 - 10*l + 1. Calculate the remainder when 108 is divided by n(-7).
20
Suppose -2*a = -3*a + 36. Suppose -2*l - a = -2*d - 3*l, -5*d - l = -87. Calculate the remainder when d is divided by 6.
5
Suppose -4*l = l + x - 74, 2*l + 3*x = 27. What is the remainder when 43 is divided by l?
13
Let c(a) = a**3 + 5*a**2 - 9*a + 11. Calculate the remainder when 55 is divided by c(-6).
26
Let h = 4 + 12. What is the remainder when 46 is divided by h?
14
Let g(y) = y + 1. Let m be g(3). What is the remainder when (-2684)/(-132) - (8/(-3) + 2) is divided by 171/15 + m/(-10)?
10
What is the remainder when (-12)/(-12) + (-366)/(-3) is divided by 43?
37
What is the remainder when -2 + (7*3)/1 is divided by (-2*10)/(6/(-3))?
9
Let u(b) = -b + 3. What is the remainder when (-1*1)/((-6)/102) is divided by u(-3)?
5
Let t(q) = 6*q**2 - q + 1. Let g be t(1). Suppose 5*o - g = 3*o. Suppose -4*j + 5 + o = 0. What is the remainder when 3 is divided by j?
1
Let j(a) = a**2 - 2. Let z be j(4). What is the remainder when 38 is divided by 4/z + 552/28?
18
Suppose 8 = -4*z, -2*v - 3*z - 8 = -4*v. Let r(h) = 7*h + 7*h + 8*h. Calculate the remainder when r(v) is divided by 12.
10
Let c = 29 + -12. What is the remainder when 5 + (-1878)/(-42) - (-2)/7 is divided by c?
16
Suppose -3*c + 92 = -2*u, 0 = -3*u - u - 4. Let b = 42 - c. What is the remainder when 4 is divided by (3/(-2))/((-6)/b)?
1
Suppose -l = -4*l. Let p be (74 + l)*1/(-2). Let f = -23 - p. What is the remainder when f is divided by 5?
4
Suppose -4*p + 68 = 4*f, -5*f + 37 = 3*p - 42. What is the remainder when 41 is divided by f?
13
Let f(m) = -6*m**2 - m - 2. Let w be f(-2). Let g be 6/(-4)*w/9. Suppose 0 = 3*q + 2*p - g - 7, -4*q - 4*p = -16. What is the remainder when 8 is divided by q?
2
Let u(j) = -j**2 + 4. Let q(k) = -k**2 + 9*k - 8. Let f be q(8). Let z be u(f). Suppose -z = -w - 0. What is the remainder when 7 is divided by w?
3
Let n = 81 + -36. Calculate the remainder when n is divided by 24.
21
What is the remainder when 27 is divided by 10/40 - 43/(-4)?
5
Suppose -26*g + 19*g = -175. What is the remainder when 74 is divided by g?
24
Suppose 72 = -w + 5*w. Let f = -5 + w. What is the remainder when 25 is divided by f?
12
Let d = 79 + -66. Suppose 94 = 4*o + 2*k - 0*k, -5*k + 115 = 5*o. Calculate the remainder when o is divided by d.
11
Suppose 0 = -2*i + 4*i. Suppose i = 4*a - 12 - 0. What is the remainder when 4 + 4/2 + -1 is divided by a?
2
Suppose 5*s - 62 = -4*u, -5*u = -2*u - 3*s - 33. Suppose 72 = 2*x + y, 0*x - x = 4*y - 22. Calculate the remainder when x is divided by u.
12
Suppose -2*i = 31 - 107. Calculate the remainder when i is divided by 9/(1 + -4) - -16.
12
Suppose d + 2*q - 87 = -4*d, 2*d = 3*q + 50. What is the remainder when 54 is divided by d?
16
Suppose k + 6 = 3*k. Suppose -2*n = -5*i - k*n + 231, -181 = -4*i + 3*n. What is the remainder when i is divided by 12?
10
Suppose 0 = -f - l - 34, -5*l + 7 = -18. Let h = 27 - f. Calculate the remainder when h is divided by 17.
15
What is the remainder when 74 is divided by (-5)/(2/(-10) - 0)?
24
Let i = -134 + 150. Calculate the remainder when 58 is divided by i.
10
Let i = -6 - -27. Let f be (4/(-10))/(2/(-20)). Let c = f - -7. What is the remainder when i is divided by c?
10
Let w = -6 - -15. Let r = 11 - 8. Suppose -r*d + 5*z + 65 = 0, 7*d + 5*z = 3*d + 110. Calculate the remainder when d is divided by w.
7
Let c be 33 - 2/(4/2). Suppose 5*u - c - 8 = 0. What is the remainder when 1/(-1)*(-1 + -22) is divided by u?
7
Suppose -3*f + 2*s + 59 = s, -4*s = 3*f - 64. What is the remainder when (-4)/6*(-88 + 1) is divided by f?
18
Let a(t) = 11*t - 2. Suppose -13 = -4*g + 7. Suppose 5*x = g*r + 79 - 24, -15 = -x + 2*r. Calculate the remainder when a(2) is divided by x.
6
Let n = -14 + 21. Suppose 5*c - i - 4*i = 5, -3*c - 3*i + 3 = 0. Let j = 2 + c. Calculate the remainder when n is divided by j.
1
Let b(k) = 2*k - 16. What is the remainder when 22 is divided by b(11)?
4
Suppose -2*k - 27 = -r + k, r - 5*k - 25 = 0. What is the remainder when 117 is divided by r?
27
Let g be 1/(15/(-9) + 2). Calculate the remainder when 9 is divided by (18/3)/(g/2).
1
Let a(u) = -u**3 + 5*u**2 - 5. What is the remainder when 29 is divided by a(4)?
7
Let j(r) = -r - 1. Let d be j(-1). Suppose -2*u - 4*x + 18 = d, x - 5 = 2*x. Calculate the remainder when u is divided by 5.
4
What is the remainder when 67 is divided by (28/(-6))/(1*1/(-3))?
11
Let f be 34/8 + 5/(-20). Suppose -18 = -2*x - f. What is the remainder when x is divided by 3?
1
Let h = -8 - -15. What is the remainder when (h/2)/(1/2) is divided by 2?
1
Let z = -56 + 120. Calculate the remainder when z is divided by 13.
12
Let m = 21 - 75. What is the remainder when 53 is divided by (m/(-4))/((-12)/(-24))?
26
Suppose -a = -6*n + 2*n - 23, 5*a - 3*n - 98 = 0. What is the remainder when a is divided by 7?
5
Let t be 0*(-2 + (-6)/(-4)). Suppose -d + 5*d = -4*z - 68, -2*z - 73 = 5*d. Calculate the remainder when t/(0 - -3) - d is divided by 7.
6
Let q(c) = c**3 - 9*c**2 + 2*c - 15. What is the remainder when q(10) is divided by 36?
33
Suppose -6*v + 3*v + 51 = 2*j, -4*v = 4. Calculate the remainder when 51 is divided by j.
24
Let h(z) = -3*z**2 - 8*z. Calculate the remainder when h(-2) is divided by 2.
0
Let o be ((-34)/4)/((-9)/36). Let v = -20 + o. Calculate the remainder when v is divided by 4.
2
Let n(u) = 20*u - 5. What is the remainder when n(5) is divided by 24?
23
Suppose p = 4*p - 30. Let a = 15 - 12. Let c = 22 - a. Calculate the remainder when c is divided by p.
9
Suppose 4*m = m + 165. Suppose 2*t = -3*t + m. Calculate the remainder when 32 is divided by t.
10
Suppose 0 = 6*g - g - 2290. Let a = g + -210. Suppose -2*j = 2*j - a. What is the remainder when j is divided by 21?
20
Let k(s) = 2*s**2 - 2. Let g be k(4). Suppose 3*t = -2*t + g. What is the remainder when 10 is divided by t?
4
Let f(v) = 10*v - 105. Calculate the remainder when 58 is divided by f(12).
13
Let b(k) be the second derivative of k**3/6 - k**2 - 21*k. Let h(m) = 12*m**3 - 1. Let p be h(1). Calculate the remainder when b(p) is divided by 5.
4
Let x(o) = 20*o**2 - 1. Let n be x(-1). Let i(l) = -4*l**3 + n + l**2 + 0*l**3 - l + 5*l**3. What is the remainder when i(0) is divided by 7?
5
Suppose -5*w = -10*w. Suppose w*h = -4*h + 64. Let p = 2 + h. Calculate the remainder when 53 is divided by p.
17
Let x = 2 - -7. Let m = -76 - -78. What is the remainder when x is divided by m?
1
Let a(y) = -y**2 + 5*y - 6. Let x be 1*10*(-3)/(-6). Let t be a(x). Let m = 12 + t. What is the remainder when 10 is divided by m?
4
Suppose 0 = 5*f - 3*y - 114, -6*y + 10 = -y. What is the remainder when 71 is divided by f?
23
Let r(g) = -g**3 + 5*g**2 + 2*g - 4. Let k = 7 - 5. Suppose k*h + 242 = 6*h - 5*b, -4*b = 2*h - 108. Calculate the remainder when h is divided by r(4).
18
Let o = 113 + -29. Suppose -2*x + 2*h = -o, 3*x + h = -3*h + 112. Calculate the remainder when x is divided by 21.
19
Let c = 0 - -5. Let u = 0 - -2. Suppose -n = -3, -x + 12 = -n + u*n. What is the remainder when x is divided by c?
4
Let y = -6 - -7. Suppose 2*w - 17 = y. Let s = w + -2. Calculate the remainder when 19 is divided by s.
5
Suppose -3*q - 2*y = -8, 3*q + 13 = 7*q + 5*y. Suppose -j = 2*t - 17, 4*t - 4*j - 16 = -0*t. Calculate the re